{"id":992,"date":"2024-03-13T10:54:25","date_gmt":"2024-03-13T10:54:25","guid":{"rendered":"https:\/\/internationaljournalofmicrobialscience.com\/?page_id=992"},"modified":"2024-03-13T10:54:25","modified_gmt":"2024-03-13T10:54:25","slug":"references-31","status":"publish","type":"page","link":"https:\/\/internationaljournalofmicrobialscience.com\/index.php\/references-31\/","title":{"rendered":"References"},"content":{"rendered":"<p><em>1<\/em><em>.<\/em> Ramalingam A. The construction and use of simple air sampler for routine aerobiological surveys.\u00a0Environ Health.\u00a01968;10:61-7.<\/p>\n<p>2. Mage DT. Evaluation of changes in indoor air quality over the past several decades. In: Gammage RB, Kaye SV, editors. editors Indoor air and human health. Chelsea, MI: Lewis publishers; 1984. p. 5-36.<\/p>\n<p>3. Swaebly MA, Christensen CM. Molds in house dust, furniture shifting and in the air within hinges. J Allergy. 1952;23:37-74.<\/p>\n<p>4. Wu D, Zhang Y, Tian Y, Li A, Li Y, Xiong J et al. On-site investigation of the concentration and size distribution characteristics of airborne fungi in a university library. Environ 2020;261:114138. doi: <a href=\"https:\/\/doi.org\/10.1016\/j.envpol.2020.114138\">10.1016\/j.envpol.2020.114138<\/a>, PMID <a href=\"http:\/\/www.ncbi.nlm.nih.gov\/pubmed\/32113104\">32113104<\/a>.<\/p>\n<p>5. Gonz\u00e1lez-Delgado A, Shukla MK, DuBois DW, Flores-M\u00e1rgez JP, Hern\u00e1ndez Escamilla JA, Olivas E. and Flores-margez. Microbial and size characterization of airborne particulate matter collected on sticky tapes along US-Mexico border. J Environ Sci (China). 2017;53:207-16. doi: <a href=\"https:\/\/doi.org\/10.1016\/j.jes.2015.10.037\">1016\/j.jes.2015.10.037<\/a>, PMID <a href=\"https:\/\/www.ncbi.nlm.nih.gov\/pubmed\/28372745\">28372745<\/a>.<\/p>\n<p>6. Rajo RFJ. Variation assessment of airborne Alternaria and Cladosporium spores at different biological conditions. Mycol Resi; 2005. p. 1-6.<\/p>\n<p>7. Ponce-Caballero C, Gamboa-Marrufo M, L\u00f3pez-Pacheco M, Cer\u00f3n-Palma I, Quintal-Franco C, Gi\u00e1coman-Vallejos G et al. Seasonal variation of airborne fungal propagules indoor and outdoor of domestic environments in Merida, Mexico. Atm\u00f3sfera. 2013;26(3):369-77. doi: <a href=\"https:\/\/doi.org\/10.1016\/s0187-6236(13)71083-x\">1016\/S0187-6236(13)71083-X<\/a>.<\/p>\n<p>8. Mohture VM, Kalkar SA. Aeromycological investigation in the atmosphere of Nagpur, Maharashtra (India). Int J Appl 2017;3(3):166-9.<\/p>\n<p>9. Priyamvada H, Singh RK, Akila M, Ravikrishna R, Verma RS, Gunthe SS. Seasonal variation of the dominant allergenic fungal aerosols-one year study from southern Indian region. Sci 2017;7(1):11171. doi: <a href=\"https:\/\/doi.org\/10.1038\/s41598-017-11727-7\">10.1038\/s41598-017-11727-7<\/a>, PMID <a href=\"http:\/\/www.ncbi.nlm.nih.gov\/pubmed\/28894264\">28894264<\/a>.<\/p>\n<p>10. Trujillo Jurado D, Infante Garc\u00eda-Pantale\u00f3n F, Gal\u00e1n Soldevilla C, Dom\u00ednguez Vilches E. Seasonal and daily variation of aspergillus Mich. Ex Fr. Spores in the atmosphere of Cordoba (Spain). Allergol Immunopathol (Madr). 1990;18(3):167-73. PMID <a href=\"http:\/\/www.ncbi.nlm.nih.gov\/pubmed\/2251978\">2251978<\/a>.<\/p>\n<p>11. Kuo YM, Li CS. Seasonal fungus prevalence inside and outside of domestic environments in the subtropical climate. Atmos 1994;28(19):3125-30. doi: <a href=\"https:\/\/doi.org\/10.1016\/1352-2310(94)e0069-v\">10.1016\/1352-2310(94)E0069-V<\/a>.<\/p>\n<p>12. Medrela-Kuder E. Seasonal variations in the occurrence of culturable airborne fungi in outdoor and indoor air in Cracow. Int Biodeterior 2003;52(4):203-5. doi: <a href=\"https:\/\/doi.org\/10.1016\/s0964-8305(02)00167-1\">10.1016\/S0964-8305(02)00167-1<\/a>.<\/p>\n<p>13. Rodriguez RFJ, Iglesias I, Jato V. Variation assessment of airborne Alternaria and Cladosporium spores at different biological conditions. Mycol Resi; 2005. p. 1-6.<\/p>\n<p>14. Agashe SN, Anuradha HG. Aeromycological studies of a Library in Bangalore. Indian J Aerobio. 1998;11:24-6.<\/p>\n<p>15. Dharmage S, Bailey M, Raven J, Abeyawickrama K, Cao D, Guest D et al. Mouldy houses influence symptoms of asthma among atopic individuals. Clin Exp Allergy. 2002;32(5):714-20. doi: <a href=\"https:\/\/doi.org\/10.1046\/j.1365-2222.2002.01371.x\">1046\/j.1365-2222.2002.01371.x<\/a>, PMID <a href=\"http:\/\/www.ncbi.nlm.nih.gov\/pubmed\/11994095\">11994095<\/a>.<\/p>\n<p>16. Michael C, Caroline TO, U A, foley, A. and Moss R, B. Allerg Bronchopulmonary Aspergillosis. 2016;2(2):17.<\/p>\n<p>17. Cordasco E, Demeter S, Zenz C. Environmental respiratory diseases. Ed 1995.<\/p>\n","protected":false},"excerpt":{"rendered":"<p>1. Ramalingam A. The construction and use of simple air sampler for routine aerobiological surveys.\u00a0Environ&#8230;<\/p>\n","protected":false},"author":1,"featured_media":0,"parent":0,"menu_order":0,"comment_status":"closed","ping_status":"closed","template":"","meta":{"footnotes":""},"aioseo_notices":[],"_links":{"self":[{"href":"https:\/\/internationaljournalofmicrobialscience.com\/index.php\/wp-json\/wp\/v2\/pages\/992"}],"collection":[{"href":"https:\/\/internationaljournalofmicrobialscience.com\/index.php\/wp-json\/wp\/v2\/pages"}],"about":[{"href":"https:\/\/internationaljournalofmicrobialscience.com\/index.php\/wp-json\/wp\/v2\/types\/page"}],"author":[{"embeddable":true,"href":"https:\/\/internationaljournalofmicrobialscience.com\/index.php\/wp-json\/wp\/v2\/users\/1"}],"replies":[{"embeddable":true,"href":"https:\/\/internationaljournalofmicrobialscience.com\/index.php\/wp-json\/wp\/v2\/comments?post=992"}],"version-history":[{"count":1,"href":"https:\/\/internationaljournalofmicrobialscience.com\/index.php\/wp-json\/wp\/v2\/pages\/992\/revisions"}],"predecessor-version":[{"id":993,"href":"https:\/\/internationaljournalofmicrobialscience.com\/index.php\/wp-json\/wp\/v2\/pages\/992\/revisions\/993"}],"wp:attachment":[{"href":"https:\/\/internationaljournalofmicrobialscience.com\/index.php\/wp-json\/wp\/v2\/media?parent=992"}],"curies":[{"name":"wp","href":"https:\/\/api.w.org\/{rel}","templated":true}]}}